[INFO] cloning repository https://github.com/IceS2/zero2prod-rust
[INFO] running `Command { std: "git" "-c" "credential.helper=" "-c" "credential.helper=/workspace/cargo-home/bin/git-credential-null" "clone" "--bare" "https://github.com/IceS2/zero2prod-rust" "/workspace/cache/git-repos/https%3A%2F%2Fgithub.com%2FIceS2%2Fzero2prod-rust", kill_on_drop: false }`
[INFO] [stderr] Cloning into bare repository '/workspace/cache/git-repos/https%3A%2F%2Fgithub.com%2FIceS2%2Fzero2prod-rust'...
[INFO] running `Command { std: "git" "rev-parse" "HEAD", kill_on_drop: false }`
[INFO] [stdout] 3f2df1eb8d7213a94f7dd4833f869e9c6557f420
[INFO] checking IceS2/zero2prod-rust against master#9610dfe5a9a731ced1ea4923ecbd0c57fe367898 for beta-170-4
[INFO] running `Command { std: "git" "clone" "/workspace/cache/git-repos/https%3A%2F%2Fgithub.com%2FIceS2%2Fzero2prod-rust" "/workspace/builds/worker-3-tc1/source", kill_on_drop: false }`
[INFO] [stderr] Cloning into '/workspace/builds/worker-3-tc1/source'...
[INFO] [stderr] done.
[INFO] validating manifest of git repo https://github.com/IceS2/zero2prod-rust on toolchain 9610dfe5a9a731ced1ea4923ecbd0c57fe367898
[INFO] running `Command { std: CARGO_HOME="/workspace/cargo-home" RUSTUP_HOME="/workspace/rustup-home" "/workspace/cargo-home/bin/cargo" "+9610dfe5a9a731ced1ea4923ecbd0c57fe367898" "metadata" "--manifest-path" "Cargo.toml" "--no-deps", kill_on_drop: false }`
[INFO] started tweaking git repo https://github.com/IceS2/zero2prod-rust
[INFO] finished tweaking git repo https://github.com/IceS2/zero2prod-rust
[INFO] tweaked toml for git repo https://github.com/IceS2/zero2prod-rust written to /workspace/builds/worker-3-tc1/source/Cargo.toml
[INFO] crate git repo https://github.com/IceS2/zero2prod-rust already has a lockfile, it will not be regenerated
[INFO] running `Command { std: CARGO_HOME="/workspace/cargo-home" RUSTUP_HOME="/workspace/rustup-home" "/workspace/cargo-home/bin/cargo" "+9610dfe5a9a731ced1ea4923ecbd0c57fe367898" "fetch" "--manifest-path" "Cargo.toml", kill_on_drop: false }`
[INFO] [stderr] warning: unused manifest key: target.x86_64-unknown-linux-gnu.rustflags
[INFO] [stderr]     Updating crates.io index
[INFO] [stderr]  Downloading crates ...
[INFO] [stderr]   Downloaded deadpool v0.9.5
[INFO] [stderr]   Downloaded concurrent-queue v2.0.0
[INFO] [stderr]   Downloaded sqlformat v0.2.0
[INFO] [stderr]   Downloaded dotenvy v0.15.6
[INFO] [stderr]   Downloaded cxxbridge-flags v1.0.85
[INFO] [stderr]   Downloaded sqlx-macros v0.6.2
[INFO] [stderr]   Downloaded atoi v1.0.0
[INFO] [stderr]   Downloaded serde-aux v3.1.0
[INFO] [stderr]   Downloaded claim v0.5.0
[INFO] [stderr]   Downloaded deadpool-runtime v0.1.2
[INFO] [stderr]   Downloaded retain_mut v0.1.9
[INFO] [stderr]   Downloaded actix-web v4.2.1
[INFO] [stderr]   Downloaded whoami v1.3.0
[INFO] [stderr]   Downloaded quickcheck_macros v0.9.1
[INFO] [stderr]   Downloaded zstd-sys v2.0.4+zstd.1.5.2
[INFO] [stderr]   Downloaded cxxbridge-macro v1.0.85
[INFO] [stderr]   Downloaded cxx-build v1.0.85
[INFO] [stderr]   Downloaded futures-intrusive v0.4.2
[INFO] [stderr]   Downloaded linkify v0.8.1
[INFO] [stderr]   Downloaded wiremock v0.5.16
[INFO] [stderr]   Downloaded cxx v1.0.85
[INFO] [stderr]   Downloaded sqlx-core v0.6.2
[INFO] [stderr]   Downloaded sqlx v0.6.2
[INFO] [stderr]   Downloaded tracing-bunyan-formatter v0.3.4
[INFO] [stderr]   Downloaded sqlx-rt v0.6.2
[INFO] [stderr]   Downloaded tracing-actix-web v0.6.2
[INFO] [stderr]   Downloaded fake v2.3.0
[INFO] running `Command { std: "docker" "create" "-v" "/var/lib/crater-agent-workspace/builds/worker-3-tc1/target:/opt/rustwide/target:rw,Z" "-v" "/var/lib/crater-agent-workspace/builds/worker-3-tc1/source:/opt/rustwide/workdir:ro,Z" "-v" "/var/lib/crater-agent-workspace/cargo-home:/opt/rustwide/cargo-home:ro,Z" "-v" "/var/lib/crater-agent-workspace/rustup-home:/opt/rustwide/rustup-home:ro,Z" "-e" "SOURCE_DIR=/opt/rustwide/workdir" "-e" "CARGO_TARGET_DIR=/opt/rustwide/target" "-e" "CARGO_HOME=/opt/rustwide/cargo-home" "-e" "RUSTUP_HOME=/opt/rustwide/rustup-home" "-w" "/opt/rustwide/workdir" "-m" "1610612736" "--user" "0:0" "--network" "none" "ghcr.io/rust-lang/crates-build-env/linux@sha256:19e73879b68f455e41552ea35293514db52ea292d993f571636dbffedb77a1ee" "/opt/rustwide/cargo-home/bin/cargo" "+9610dfe5a9a731ced1ea4923ecbd0c57fe367898" "metadata" "--no-deps" "--format-version=1", kill_on_drop: false }`
[INFO] [stdout] 2bd25079578e1c8689ad707619b08802137da415db951b4169f1b4521f8bf8fb
[INFO] running `Command { std: "docker" "start" "-a" "2bd25079578e1c8689ad707619b08802137da415db951b4169f1b4521f8bf8fb", kill_on_drop: false }`
[INFO] running `Command { std: "docker" "inspect" "2bd25079578e1c8689ad707619b08802137da415db951b4169f1b4521f8bf8fb", kill_on_drop: false }`
[INFO] running `Command { std: "docker" "rm" "-f" "2bd25079578e1c8689ad707619b08802137da415db951b4169f1b4521f8bf8fb", kill_on_drop: false }`
[INFO] [stdout] 2bd25079578e1c8689ad707619b08802137da415db951b4169f1b4521f8bf8fb
[INFO] running `Command { std: "docker" "create" "-v" "/var/lib/crater-agent-workspace/builds/worker-3-tc1/target:/opt/rustwide/target:rw,Z" "-v" "/var/lib/crater-agent-workspace/builds/worker-3-tc1/source:/opt/rustwide/workdir:ro,Z" "-v" "/var/lib/crater-agent-workspace/cargo-home:/opt/rustwide/cargo-home:ro,Z" "-v" "/var/lib/crater-agent-workspace/rustup-home:/opt/rustwide/rustup-home:ro,Z" "-e" "SOURCE_DIR=/opt/rustwide/workdir" "-e" "CARGO_TARGET_DIR=/opt/rustwide/target" "-e" "CARGO_INCREMENTAL=0" "-e" "RUST_BACKTRACE=full" "-e" "RUSTFLAGS=--cap-lints=forbid" "-e" "RUSTDOCFLAGS=--cap-lints=forbid" "-e" "CARGO_HOME=/opt/rustwide/cargo-home" "-e" "RUSTUP_HOME=/opt/rustwide/rustup-home" "-w" "/opt/rustwide/workdir" "-m" "1610612736" "--user" "0:0" "--network" "none" "ghcr.io/rust-lang/crates-build-env/linux@sha256:19e73879b68f455e41552ea35293514db52ea292d993f571636dbffedb77a1ee" "/opt/rustwide/cargo-home/bin/cargo" "+9610dfe5a9a731ced1ea4923ecbd0c57fe367898" "check" "--frozen" "--all" "--all-targets" "--message-format=json", kill_on_drop: false }`
[INFO] [stdout] 41596005dac893e3dabc569982d59517c1b203cb1f334d851b588d381d031a03
[INFO] running `Command { std: "docker" "start" "-a" "41596005dac893e3dabc569982d59517c1b203cb1f334d851b588d381d031a03", kill_on_drop: false }`
[INFO] [stderr] warning: unused manifest key: target.x86_64-unknown-linux-gnu.rustflags
[INFO] [stderr]    Compiling libc v0.2.139
[INFO] [stderr]    Compiling proc-macro2 v1.0.49
[INFO] [stderr]    Compiling quote v1.0.23
[INFO] [stderr]    Compiling unicode-ident v1.0.6
[INFO] [stderr]    Compiling syn v1.0.107
[INFO] [stderr]     Checking once_cell v1.17.0
[INFO] [stderr]    Compiling serde_derive v1.0.152
[INFO] [stderr]    Compiling serde v1.0.152
[INFO] [stderr]    Compiling futures-core v0.3.25
[INFO] [stderr]     Checking pin-project-lite v0.2.9
[INFO] [stderr]    Compiling log v0.4.17
[INFO] [stderr]    Compiling memchr v2.5.0
[INFO] [stderr]    Compiling typenum v1.16.0
[INFO] [stderr]    Compiling generic-array v0.14.6
[INFO] [stderr]     Checking smallvec v1.10.0
[INFO] [stderr]    Compiling ahash v0.7.6
[INFO] [stderr]     Checking bytes v1.3.0
[INFO] [stderr]     Checking itoa v1.0.5
[INFO] [stderr]     Checking lock_api v0.4.6
[INFO] [stderr]    Compiling parking_lot_core v0.9.5
[INFO] [stderr]     Checking futures-sink v0.3.25
[INFO] [stderr]    Compiling slab v0.4.7
[INFO] [stderr]    Compiling futures-task v0.3.25
[INFO] [stderr]    Compiling futures-channel v0.3.25
[INFO] [stderr]     Checking futures-io v0.3.25
[INFO] [stderr]    Compiling serde_json v1.0.91
[INFO] [stderr]    Compiling thiserror v1.0.38
[INFO] [stderr]     Checking tracing-core v0.1.30
[INFO] [stderr]    Compiling futures-util v0.3.25
[INFO] [stderr]    Compiling num-traits v0.2.15
[INFO] [stderr]     Checking subtle v2.4.1
[INFO] [stderr]     Checking percent-encoding v2.2.0
[INFO] [stderr]     Checking ryu v1.0.12
[INFO] [stderr]     Checking tinyvec v1.6.0
[INFO] [stderr]    Compiling rustls v0.20.7
[INFO] [stderr]    Compiling crossbeam-utils v0.8.14
[INFO] [stderr]     Checking ppv-lite86 v0.2.17
[INFO] [stderr]    Compiling indexmap v1.9.2
[INFO] [stderr]     Checking regex-syntax v0.6.28
[INFO] [stderr]     Checking unicode-bidi v0.3.8
[INFO] [stderr]     Checking http v0.2.8
[INFO] [stderr]     Checking base64 v0.13.1
[INFO] [stderr]    Compiling parking_lot_core v0.8.6
[INFO] [stderr]    Compiling paste v1.0.11
[INFO] [stderr]     Checking form_urlencoded v1.1.0
[INFO] [stderr]    Compiling jobserver v0.1.25
[INFO] [stderr]     Checking getrandom v0.2.8
[INFO] [stderr]     Checking signal-hook-registry v1.4.0
[INFO] [stderr]     Checking num_cpus v1.15.0
[INFO] [stderr]     Checking socket2 v0.4.7
[INFO] [stderr]    Compiling cc v1.0.78
[INFO] [stderr]     Checking mio v0.8.5
[INFO] [stderr]     Checking aho-corasick v0.7.20
[INFO] [stderr]     Checking parking_lot v0.12.1
[INFO] [stderr]     Checking unicode-normalization v0.1.22
[INFO] [stderr]    Compiling num-integer v0.1.45
[INFO] [stderr]    Compiling untrusted v0.7.1
[INFO] [stderr]    Compiling spin v0.5.2
[INFO] [stderr]     Checking hashbrown v0.12.3
[INFO] [stderr]     Checking rand_core v0.6.4
[INFO] [stderr]    Compiling httparse v1.8.0
[INFO] [stderr]     Checking httpdate v1.0.2
[INFO] [stderr]     Checking cpufeatures v0.2.5
[INFO] [stderr]    Compiling crossbeam-queue v0.3.8
[INFO] [stderr]     Checking block-buffer v0.10.3
[INFO] [stderr]     Checking crypto-common v0.1.6
[INFO] [stderr]    Compiling tokio v1.19.2
[INFO] [stderr]     Checking rand_chacha v0.3.1
[INFO] [stderr]     Checking digest v0.10.6
[INFO] [stderr]     Checking idna v0.3.0
[INFO] [stderr]    Compiling instant v0.1.12
[INFO] [stderr]     Checking local-waker v0.1.3
[INFO] [stderr]    Compiling encoding_rs v0.8.31
[INFO] [stderr]    Compiling crc32fast v1.3.2
[INFO] [stderr]    Compiling scopeguard v1.1.0
[INFO] [stderr]    Compiling time-core v0.1.0
[INFO] [stderr]     Checking alloc-no-stdlib v2.0.4
[INFO] [stderr]    Compiling ring v0.16.20
[INFO] [stderr]    Compiling zstd-sys v2.0.4+zstd.1.5.2
[INFO] [stderr]    Compiling zstd-safe v5.0.2+zstd.1.5.2
[INFO] [stderr]    Compiling ucd-trie v0.1.5
[INFO] [stderr]    Compiling time-macros v0.2.6
[INFO] [stderr]     Checking alloc-stdlib v0.2.2
[INFO] [stderr]     Checking sha1 v0.10.5
[INFO] [stderr]     Checking rand v0.8.5
[INFO] [stderr]     Checking getrandom v0.1.16
[INFO] [stderr]     Checking regex v1.7.0
[INFO] [stderr]    Compiling minimal-lexical v0.2.1
[INFO] [stderr]     Checking event-listener v2.5.3
[INFO] [stderr]    Compiling async-trait v0.1.60
[INFO] [stderr]     Checking miniz_oxide v0.6.2
[INFO] [stderr]     Checking nom v7.1.2
[INFO] [stderr]    Compiling tracing v0.1.37
[INFO] [stderr]     Checking want v0.3.0
[INFO] [stderr]     Checking time v0.3.17
[INFO] [stderr]     Checking rand_core v0.5.1
[INFO] [stderr]    Compiling parking_lot v0.11.2
[INFO] [stderr]     Checking brotli-decompressor v2.3.2
[INFO] [stderr]    Compiling hmac v0.12.1
[INFO] [stderr]     Checking actix-utils v3.0.1
[INFO] [stderr]     Checking actix-service v2.0.2
[INFO] [stderr]     Checking http-body v0.4.5
[INFO] [stderr]    Compiling dirs-sys v0.3.7
[INFO] [stderr]    Compiling bytestring v1.2.0
[INFO] [stderr]    Compiling cookie v0.16.2
[INFO] [stderr]     Checking iana-time-zone v0.1.53
[INFO] [stderr]    Compiling unicode_categories v0.1.1
[INFO] [stderr]     Checking mime v0.3.16
[INFO] [stderr]    Compiling anyhow v1.0.68
[INFO] [stderr]     Checking tower-service v0.3.2
[INFO] [stderr]    Compiling crc-catalog v2.1.0
[INFO] [stderr]    Compiling pin-utils v0.1.0
[INFO] [stderr]    Compiling rustls-pemfile v1.0.1
[INFO] [stderr]    Compiling crc v3.0.0
[INFO] [stderr]     Checking chrono v0.4.23
[INFO] [stderr]    Compiling dirs v4.0.0
[INFO] [stderr]    Compiling url v2.3.1
[INFO] [stderr]    Compiling hkdf v0.12.3
[INFO] [stderr]     Checking flate2 v1.0.25
[INFO] [stderr]    Compiling futures-intrusive v0.4.2
[INFO] [stderr]     Checking rand_chacha v0.2.2
[INFO] [stderr]     Checking brotli v3.3.4
[INFO] [stderr]     Checking webpki v0.22.0
[INFO] [stderr]     Checking sct v0.7.0
[INFO] [stderr]    Compiling stringprep v0.1.2
[INFO] [stderr]    Compiling tokio-stream v0.1.11
[INFO] [stderr]     Checking webpki-roots v0.22.6
[INFO] [stderr]    Compiling hashlink v0.8.1
[INFO] [stderr]    Compiling sha2 v0.10.6
[INFO] [stderr]    Compiling atoi v1.0.0
[INFO] [stderr]     Checking regex-automata v0.1.10
[INFO] [stderr]    Compiling md-5 v0.10.5
[INFO] [stderr]     Checking uuid v1.2.2
[INFO] [stderr]    Compiling unicode-segmentation v1.10.0
[INFO] [stderr]    Compiling byteorder v1.4.3
[INFO] [stderr]    Compiling whoami v1.3.0
[INFO] [stderr]    Compiling bitflags v1.3.2
[INFO] [stderr]     Checking language-tags v0.3.2
[INFO] [stderr]    Compiling hex v0.4.3
[INFO] [stderr]    Compiling dotenvy v0.15.6
[INFO] [stderr]     Checking overload v0.1.1
[INFO] [stderr]     Checking dlv-list v0.3.0
[INFO] [stderr]     Checking nu-ansi-term v0.46.0
[INFO] [stderr]     Checking ordered-multimap v0.4.3
[INFO] [stderr]    Compiling heck v0.4.0
[INFO] [stderr]     Checking matchers v0.1.0
[INFO] [stderr]     Checking rand v0.7.3
[INFO] [stderr]     Checking sharded-slab v0.1.4
[INFO] [stderr]     Checking tracing-log v0.1.3
[INFO] [stderr]     Checking thread_local v1.1.4
[INFO] [stderr]     Checking linked-hash-map v0.5.6
[INFO] [stderr]     Checking base64ct v1.5.3
[INFO] [stderr]     Checking matches v0.1.9
[INFO] [stderr]     Checking rust-ini v0.18.0
[INFO] [stderr]     Checking idna v0.2.3
[INFO] [stderr]     Checking blake2 v0.10.6
[INFO] [stderr]     Checking yaml-rust v0.4.5
[INFO] [stderr]     Checking concurrent-queue v2.0.0
[INFO] [stderr]     Checking gethostname v0.2.3
[INFO] [stderr]    Compiling http-types v2.12.0
[INFO] [stderr]     Checking zeroize v1.5.7
[INFO] [stderr]     Checking ipnet v2.7.0
[INFO] [stderr]     Checking fastrand v1.8.0
[INFO] [stderr]    Compiling tokio-macros v1.8.2
[INFO] [stderr]    Compiling thiserror-impl v1.0.38
[INFO] [stderr]    Compiling futures-macro v0.3.25
[INFO] [stderr]    Compiling tracing-attributes v0.1.23
[INFO] [stderr]    Compiling derive_more v0.99.17
[INFO] [stderr]    Compiling pin-project-internal v1.0.12
[INFO] [stderr]    Compiling tokio-rustls v0.23.4
[INFO] [stderr]    Compiling actix-macros v0.2.3
[INFO] [stderr]     Checking password-hash v0.4.2
[INFO] [stderr]    Compiling sqlx-rt v0.6.2
[INFO] [stderr]     Checking pathdiff v0.2.1
[INFO] [stderr]     Checking argon2 v0.4.1
[INFO] [stderr]     Checking futures-lite v1.12.0
[INFO] [stderr]     Checking async-channel v1.8.0
[INFO] [stderr]    Compiling claim v0.5.0
[INFO] [stderr]     Checking htmlescape v0.3.1
[INFO] [stderr]     Checking deadpool-runtime v0.1.2
[INFO] [stderr]     Checking retain_mut v0.1.9
[INFO] [stderr]     Checking validator_types v0.14.0
[INFO] [stderr]     Checking infer v0.2.3
[INFO] [stderr]     Checking urlencoding v2.1.2
[INFO] [stderr]     Checking env_logger v0.7.1
[INFO] [stderr]    Compiling quickcheck_macros v0.9.1
[INFO] [stderr]     Checking fake v2.3.0
[INFO] [stderr]     Checking linkify v0.8.1
[INFO] [stderr]     Checking quickcheck v0.9.2
[INFO] [stderr]     Checking pin-project v1.0.12
[INFO] [stderr]    Compiling pest v2.5.2
[INFO] [stderr]     Checking tracing-subscriber v0.3.16
[INFO] [stderr]    Compiling pest_meta v2.5.2
[INFO] [stderr]     Checking local-channel v0.1.3
[INFO] [stderr]     Checking futures-executor v0.3.25
[INFO] [stderr]    Compiling pest_generator v2.5.2
[INFO] [stderr]     Checking futures v0.3.25
[INFO] [stderr]     Checking zstd v0.11.2+zstd.1.5.2
[INFO] [stderr]     Checking tokio-util v0.7.3
[INFO] [stderr]     Checking actix-rt v2.7.0
[INFO] [stderr]     Checking deadpool v0.9.5
[INFO] [stderr]     Checking actix-server v2.1.1
[INFO] [stderr]    Compiling pest_derive v2.5.2
[INFO] [stderr]     Checking h2 v0.3.15
[INFO] [stderr]     Checking actix-codec v0.5.0
[INFO] [stderr]     Checking serde_urlencoded v0.7.1
[INFO] [stderr]     Checking either v1.8.0
[INFO] [stderr]     Checking actix-router v0.5.1
[INFO] [stderr]     Checking ron v0.7.1
[INFO] [stderr]     Checking toml v0.5.10
[INFO] [stderr]     Checking secrecy v0.8.0
[INFO] [stderr]     Checking serde_qs v0.8.5
[INFO] [stderr]     Checking json5 v0.4.1
[INFO] [stderr]     Checking itertools v0.10.5
[INFO] [stderr]     Checking validator v0.14.0
[INFO] [stderr]     Checking config v0.13.3
[INFO] [stderr]     Checking tracing-bunyan-formatter v0.3.4
[INFO] [stderr]     Checking serde-aux v3.1.0
[INFO] [stderr]     Checking assert-json-diff v2.0.2
[INFO] [stderr]    Compiling actix-web-codegen v4.1.0
[INFO] [stderr]     Checking sqlformat v0.2.0
[INFO] [stderr]     Checking sqlx-core v0.6.2
[INFO] [stderr]     Checking hyper v0.14.23
[INFO] [stderr]     Checking actix-http v3.2.2
[INFO] [stderr]     Checking actix-web v4.2.1
[INFO] [stderr]     Checking hyper-rustls v0.23.2
[INFO] [stderr]     Checking wiremock v0.5.16
[INFO] [stderr]     Checking reqwest v0.11.13
[INFO] [stderr]     Checking tracing-actix-web v0.6.2
[INFO] [stderr]    Compiling sqlx-macros v0.6.2
[INFO] [stderr]     Checking sqlx v0.6.2
[INFO] [stderr]     Checking zero2prod v0.1.0 (/opt/rustwide/workdir)
[INFO] [stdout] error: error communicating with database: Cannot assign requested address (os error 99)
[INFO] [stdout]    --> src/routes/subscriptions.rs:106:5
[INFO] [stdout]     |
[INFO] [stdout] 106 | /     sqlx::query!(
[INFO] [stdout] 107 | |         r#"
[INFO] [stdout] 108 | |         INSERT INTO subscriptions (id, email, name, subscribed_at, status)
[INFO] [stdout] 109 | |         VALUES ($1, $2, $3, $4, 'pending_confirmation')
[INFO] [stdout] ...   |
[INFO] [stdout] 114 | |         Utc::now()
[INFO] [stdout] 115 | |     )
[INFO] [stdout]     | |_____^
[INFO] [stdout]     |
[INFO] [stdout]     = note: this error originates in the macro `$crate::sqlx_macros::expand_query` which comes from the expansion of the macro `sqlx::query` (in Nightly builds, run with -Z macro-backtrace for more info)
[INFO] [stdout] 
[INFO] [stdout] 
[INFO] [stdout] error: error communicating with database: Cannot assign requested address (os error 99)
[INFO] [stdout]    --> src/routes/subscriptions.rs:106:5
[INFO] [stdout]     |
[INFO] [stdout] 106 | /     sqlx::query!(
[INFO] [stdout] 107 | |         r#"
[INFO] [stdout] 108 | |         INSERT INTO subscriptions (id, email, name, subscribed_at, status)
[INFO] [stdout] 109 | |         VALUES ($1, $2, $3, $4, 'pending_confirmation')
[INFO] [stdout] ...   |
[INFO] [stdout] 114 | |         Utc::now()
[INFO] [stdout] 115 | |     )
[INFO] [stdout]     | |_____^
[INFO] [stdout]     |
[INFO] [stdout]     = note: this error originates in the macro `$crate::sqlx_macros::expand_query` which comes from the expansion of the macro `sqlx::query` (in Nightly builds, run with -Z macro-backtrace for more info)
[INFO] [stdout] 
[INFO] [stdout] 
[INFO] [stdout] error: error communicating with database: Cannot assign requested address (os error 99)
[INFO] [stdout]    --> src/routes/subscriptions.rs:192:5
[INFO] [stdout]     |
[INFO] [stdout] 192 | /     sqlx::query!(
[INFO] [stdout] 193 | |         r#"INSERT INTO subscription_tokens (subscription_token, subscriber_id)
[INFO] [stdout] 194 | |         VALUES ($1, $2)"#,
[INFO] [stdout] 195 | |         subscription_token,
[INFO] [stdout] 196 | |         subscriber_id
[INFO] [stdout] 197 | |     )
[INFO] [stdout]     | |_____^
[INFO] [stdout]     |
[INFO] [stdout]     = note: this error originates in the macro `$crate::sqlx_macros::expand_query` which comes from the expansion of the macro `sqlx::query` (in Nightly builds, run with -Z macro-backtrace for more info)
[INFO] [stdout] 
[INFO] [stdout] 
[INFO] [stdout] error: error communicating with database: Cannot assign requested address (os error 99)
[INFO] [stdout]    --> src/routes/subscriptions.rs:192:5
[INFO] [stdout]     |
[INFO] [stdout] 192 | /     sqlx::query!(
[INFO] [stdout] 193 | |         r#"INSERT INTO subscription_tokens (subscription_token, subscriber_id)
[INFO] [stdout] 194 | |         VALUES ($1, $2)"#,
[INFO] [stdout] 195 | |         subscription_token,
[INFO] [stdout] 196 | |         subscriber_id
[INFO] [stdout] 197 | |     )
[INFO] [stdout]     | |_____^
[INFO] [stdout]     |
[INFO] [stdout]     = note: this error originates in the macro `$crate::sqlx_macros::expand_query` which comes from the expansion of the macro `sqlx::query` (in Nightly builds, run with -Z macro-backtrace for more info)
[INFO] [stdout] 
[INFO] [stdout] 
[INFO] [stdout] error: error communicating with database: Cannot assign requested address (os error 99)
[INFO] [stdout]   --> src/routes/subscriptions_confirm.rs:67:5
[INFO] [stdout]    |
[INFO] [stdout] 67 | /     sqlx::query!(
[INFO] [stdout] 68 | |         r#"UPDATE subscriptions SET status = 'confirmed' WHERE id = $1"#,
[INFO] [stdout] 69 | |         subscriber_id
[INFO] [stdout] 70 | |     )
[INFO] [stdout]    | |_____^
[INFO] [stdout]    |
[INFO] [stdout]    = note: this error originates in the macro `$crate::sqlx_macros::expand_query` which comes from the expansion of the macro `sqlx::query` (in Nightly builds, run with -Z macro-backtrace for more info)
[INFO] [stdout] 
[INFO] [stdout] 
[INFO] [stdout] error: error communicating with database: Cannot assign requested address (os error 99)
[INFO] [stdout]   --> src/routes/subscriptions_confirm.rs:84:18
[INFO] [stdout]    |
[INFO] [stdout] 84 |       let result = sqlx::query!(
[INFO] [stdout]    |  __________________^
[INFO] [stdout] 85 | |         "SELECT subscriber_id FROM subscription_tokens \
[INFO] [stdout] 86 | |         WHERE subscription_token = $1",
[INFO] [stdout] 87 | |         subscription_token
[INFO] [stdout] 88 | |     )
[INFO] [stdout]    | |_____^
[INFO] [stdout]    |
[INFO] [stdout]    = note: this error originates in the macro `$crate::sqlx_macros::expand_query` which comes from the expansion of the macro `sqlx::query` (in Nightly builds, run with -Z macro-backtrace for more info)
[INFO] [stdout] 
[INFO] [stdout] 
[INFO] [stdout] error: error communicating with database: Cannot assign requested address (os error 99)
[INFO] [stdout]   --> src/routes/subscriptions_confirm.rs:67:5
[INFO] [stdout]    |
[INFO] [stdout] 67 | /     sqlx::query!(
[INFO] [stdout] 68 | |         r#"UPDATE subscriptions SET status = 'confirmed' WHERE id = $1"#,
[INFO] [stdout] 69 | |         subscriber_id
[INFO] [stdout] 70 | |     )
[INFO] [stdout]    | |_____^
[INFO] [stdout]    |
[INFO] [stdout]    = note: this error originates in the macro `$crate::sqlx_macros::expand_query` which comes from the expansion of the macro `sqlx::query` (in Nightly builds, run with -Z macro-backtrace for more info)
[INFO] [stdout] 
[INFO] [stdout] 
[INFO] [stdout] error: error communicating with database: Cannot assign requested address (os error 99)
[INFO] [stdout]   --> src/routes/subscriptions_confirm.rs:84:18
[INFO] [stdout]    |
[INFO] [stdout] 84 |       let result = sqlx::query!(
[INFO] [stdout]    |  __________________^
[INFO] [stdout] 85 | |         "SELECT subscriber_id FROM subscription_tokens \
[INFO] [stdout] 86 | |         WHERE subscription_token = $1",
[INFO] [stdout] 87 | |         subscription_token
[INFO] [stdout] 88 | |     )
[INFO] [stdout]    | |_____^
[INFO] [stdout]    |
[INFO] [stdout]    = note: this error originates in the macro `$crate::sqlx_macros::expand_query` which comes from the expansion of the macro `sqlx::query` (in Nightly builds, run with -Z macro-backtrace for more info)
[INFO] [stdout] 
[INFO] [stdout] 
[INFO] [stdout] error: error communicating with database: Cannot assign requested address (os error 99)
[INFO] [stdout]    --> src/routes/newsletters.rs:159:16
[INFO] [stdout]     |
[INFO] [stdout] 159 |       let rows = sqlx::query!(
[INFO] [stdout]     |  ________________^
[INFO] [stdout] 160 | |             r#"
[INFO] [stdout] 161 | |             SELECT email
[INFO] [stdout] 162 | |             FROM subscriptions
[INFO] [stdout] 163 | |             WHERE status = 'confirmed'
[INFO] [stdout] 164 | |             "#
[INFO] [stdout] 165 | |         )
[INFO] [stdout]     | |_________^
[INFO] [stdout]     |
[INFO] [stdout]     = note: this error originates in the macro `$crate::sqlx_macros::expand_query` which comes from the expansion of the macro `sqlx::query` (in Nightly builds, run with -Z macro-backtrace for more info)
[INFO] [stdout] 
[INFO] [stdout] 
[INFO] [stdout] error: error communicating with database: Cannot assign requested address (os error 99)
[INFO] [stdout]    --> src/routes/newsletters.rs:159:16
[INFO] [stdout]     |
[INFO] [stdout] 159 |       let rows = sqlx::query!(
[INFO] [stdout]     |  ________________^
[INFO] [stdout] 160 | |             r#"
[INFO] [stdout] 161 | |             SELECT email
[INFO] [stdout] 162 | |             FROM subscriptions
[INFO] [stdout] 163 | |             WHERE status = 'confirmed'
[INFO] [stdout] 164 | |             "#
[INFO] [stdout] 165 | |         )
[INFO] [stdout]     | |_________^
[INFO] [stdout]     |
[INFO] [stdout]     = note: this error originates in the macro `$crate::sqlx_macros::expand_query` which comes from the expansion of the macro `sqlx::query` (in Nightly builds, run with -Z macro-backtrace for more info)
[INFO] [stdout] 
[INFO] [stdout] 
[INFO] [stdout] error: error communicating with database: Cannot assign requested address (os error 99)
[INFO] [stdout]   --> src/authentication.rs:80:26
[INFO] [stdout]    |
[INFO] [stdout] 80 |       let row: Option<_> = sqlx::query!(
[INFO] [stdout]    |  __________________________^
[INFO] [stdout] 81 | |             r#"
[INFO] [stdout] 82 | |             SELECT user_id, password_hash
[INFO] [stdout] 83 | |             FROM users
[INFO] [stdout] ...  |
[INFO] [stdout] 86 | |             username,
[INFO] [stdout] 87 | |         )
[INFO] [stdout]    | |_________^
[INFO] [stdout]    |
[INFO] [stdout]    = note: this error originates in the macro `$crate::sqlx_macros::expand_query` which comes from the expansion of the macro `sqlx::query` (in Nightly builds, run with -Z macro-backtrace for more info)
[INFO] [stdout] 
[INFO] [stdout] 
[INFO] [stdout] error: error communicating with database: Cannot assign requested address (os error 99)
[INFO] [stdout]   --> src/authentication.rs:80:26
[INFO] [stdout]    |
[INFO] [stdout] 80 |       let row: Option<_> = sqlx::query!(
[INFO] [stdout]    |  __________________________^
[INFO] [stdout] 81 | |             r#"
[INFO] [stdout] 82 | |             SELECT user_id, password_hash
[INFO] [stdout] 83 | |             FROM users
[INFO] [stdout] ...  |
[INFO] [stdout] 86 | |             username,
[INFO] [stdout] 87 | |         )
[INFO] [stdout]    | |_________^
[INFO] [stdout]    |
[INFO] [stdout]    = note: this error originates in the macro `$crate::sqlx_macros::expand_query` which comes from the expansion of the macro `sqlx::query` (in Nightly builds, run with -Z macro-backtrace for more info)
[INFO] [stdout] 
[INFO] [stdout] 
[INFO] [stdout] warning: unused import: `chrono::Utc`
[INFO] [stdout]  --> src/routes/subscriptions.rs:3:5
[INFO] [stdout]   |
[INFO] [stdout] 3 | use chrono::Utc;
[INFO] [stdout]   |     ^^^^^^^^^^^
[INFO] [stdout]   |
[INFO] [stdout]   = note: `#[warn(unused_imports)]` on by default
[INFO] [stdout] 
[INFO] [stdout] 
[INFO] [stdout] warning: unused import: `chrono::Utc`
[INFO] [stdout]  --> src/routes/subscriptions.rs:3:5
[INFO] [stdout]   |
[INFO] [stdout] 3 | use chrono::Utc;
[INFO] [stdout]   |     ^^^^^^^^^^^
[INFO] [stdout]   |
[INFO] [stdout]   = note: `#[warn(unused_imports)]` on by default
[INFO] [stdout] 
[INFO] [stdout] 
[INFO] [stdout] error: aborting due to 6 previous errors; 1 warning emitted
[INFO] [stdout] 
[INFO] [stdout] 
[INFO] [stderr] error: could not compile `zero2prod` (lib test) due to 7 previous errors; 1 warning emitted
[INFO] [stderr] warning: build failed, waiting for other jobs to finish...
[INFO] [stdout] error: aborting due to 6 previous errors; 1 warning emitted
[INFO] [stdout] 
[INFO] [stdout] 
[INFO] [stderr] error: could not compile `zero2prod` (lib) due to 7 previous errors; 1 warning emitted
[INFO] running `Command { std: "docker" "inspect" "41596005dac893e3dabc569982d59517c1b203cb1f334d851b588d381d031a03", kill_on_drop: false }`
[INFO] running `Command { std: "docker" "rm" "-f" "41596005dac893e3dabc569982d59517c1b203cb1f334d851b588d381d031a03", kill_on_drop: false }`
[INFO] [stdout] 41596005dac893e3dabc569982d59517c1b203cb1f334d851b588d381d031a03
